hat is the ten thousands digit of 511499641?
9
What is the ten thousands digit of 2262732054?
3
What is the hundreds digit of 24662811?
8
What is the hundreds digit of 21827113?
1
What is the ten thousands digit of 44817284?
1
What is the ten millions digit of 27087675?
2
What is the millions digit of 3290132?
3
What is the hundreds digit of 763251963?
9
What is the millions digit of 5592227?
5
What is the tens digit of 15953758?
5
What is the hundreds digit of 83461939?
9
What is the ten thousands digit of 485629515?
2
What is the thousands digit of 119487480?
7
What is the millions digit of 480421262?
0
What is the units digit of 1025749789?
9
What is the billions digit of 3172797554?
3
What is the thousands digit of 1943353048?
3
What is the hundred millions digit of 327781907?
3
What is the millions digit of 1074927172?
4
What is the ten thousands digit of 44098740?
9
What is the tens digit of 23558718?
1
What is the ten millions digit of 66773902?
6
What is the millions digit of 3046433257?
6
What is the thousands digit of 105770825?
0
What is the hundred millions digit of 881756897?
8
What is the ten thousands digit of 885937564?
3
What is the ten thousands digit of 7244111942?
1
What is the hundred thousands digit of 479578398?
5
What is the ten millions digit of 109961152?
0
What is the units digit of 16663895?
5
What is the millions digit of 45965618?
5
What is the thousands digit of 516075147?
5
What is the hundred millions digit of 380594449?
3
What is the millions digit of 124847434?
4
What is the ten thousands digit of 103686283?
8
What is the hundred thousands digit of 162995779?
9
What is the ten thousands digit of 81987335?
8
What is the ten millions digit of 1466763445?
6
What is the millions digit of 487341537?
7
What is the ten millions digit of 173837960?
7
What is the ten millions digit of 277434972?
7
What is the hundred thousands digit of 953154100?
1
What is the hundreds digit of 111925074?
0
What is the hundred millions digit of 160806386?
1
What is the thousands digit of 5367683?
7
What is the millions digit of 1402049197?
2
What is the hundreds digit of 26623794?
7
What is the units digit of 1822278852?
2
What is the ten thousands digit of 746713510?
1
What is the millions digit of 219525124?
9
What is the billions digit of 2431778027?
2
What is the thousands digit of 538902340?
2
What is the hundred thousands digit of 2183462533?
4
What is the hundred thousands digit of 1311709512?
7
What is the hundreds digit of 1286844906?
9
What is the hundred millions digit of 1181380891?
1
What is the ten millions digit of 689184499?
8
What is the hundred thousands digit of 53538303?
5
What is the thousands digit of 42128239?
8
What is the ten thousands digit of 78301132?
0
What is the tens digit of 1025489366?
6
What is the units digit of 830065664?
4
What is the tens digit of 1429651128?
2
What is the ten thousands digit of 2468824?
6
What is the hundred thousands digit of 360512592?
5
What is the ten millions digit of 702758869?
0
What is the hundred millions digit of 591698206?
5
What is the hundred thousands digit of 2959944065?
9
What is the hundred thousands digit of 17330383?
3
What is the hundreds digit of 1751797348?
3
What is the hundred thousands digit of 245400876?
4
What is the hundred thousands digit of 195418650?
4
What is the units digit of 57908343?
3
What is the hundred thousands digit of 96678791?
6
What is the units digit of 65840667?
7
What is the thousands digit of 107679739?
9
What is the tens digit of 1022078491?
9
What is the ten millions digit of 114744816?
1
What is the hundred thousands digit of 2145075464?
0
What is the millions digit of 95159985?
5
What is the units digit of 67727686?
6
What is the ten thousands digit of 119179853?
7
What is the hundreds digit of 429187825?
8
What is the thousands digit of 705943179?
3
What is the ten millions digit of 144139893?
4
What is the units digit of 154639140?
0
What is the units digit of 240024046?
6
What is the ten thousands digit of 57933762?
3
What is the billions digit of 2047684949?
2
What is the hundred thousands digit of 1912629186?
6
What is the ten millions digit of 865638273?
6
What is the tens digit of 48660509?
0
What is the ten thousands digit of 263419023?
1
What is the thousands digit of 3724486934?
6
What is the thousands digit of 887505738?
5
What is the tens digit of 2153394923?
2
What is the tens digit of 36483648?
4
What is the thousands digit of 121125571?
5
What is the hundred millions digit of 1113262872?
1
What is the ten thousands digit of 66398621?
9
What is the units digit of 73618066?
6
What is the ten millions digit of 245631740?
4
What is the thousands digit of 57769099?
9
What is the ten millions digit of 40966178?
4
What is the ten thousands digit of 5731998518?
9
What is the hundred thousands digit of 1504220761?
2
What is the units digit of 1167439975?
5
What is the tens digit of 38956058?
5
What is the millions digit of 9037435?
9
What is the millions digit of 165718590?
5
What is the hundred thousands digit of 70469533?
4
What is the thousands digit of 3271403535?
3
What is the ten millions digit of 1229522507?
2
What is the tens digit of 1465175985?
8
What is the hundred thousands digit of 8758828?
7
What is the hundreds digit of 44829993?
9
What is the hundred thousands digit of 1522847238?
8
What is the thousands digit of 56596957?
6
What is the hundreds digit of 104794518?
5
What is the tens digit of 404277915?
1
What is the tens digit of 117255029?
2
What is the hundred thousands digit of 1423267573?
2
What is the hundred millions digit of 1859797267?
8
What is the hundred thousands digit of 56644359?
6
What is the hundred millions digit of 219224226?
2
What is the millions digit of 2326917812?
6
What is the hundred thousands digit of 190676645?
6
What is the ten thousands digit of 1921705344?
0
What is the units digit of 244582718?
8
What is the units digit of 3889468670?
0
What is the hundreds digit of 129735599?
5
What is the hundred millions digit of 113023847?
1
What is the hundred thousands digit of 146469370?
4
What is the ten thousands digit of 50321187?
2
What is the thousands digit of 4011241718?
1
What is the ten thousands digit of 20818759?
1
What is the ten thousands digit of 161130648?
3
What is the hundreds digit of 4106042496?
4
What is the millions digit of 1864516840?
4
What is the hundreds digit of 78826758?
7
What is the thousands digit of 22734588?
4
What is the units digit of 35703295?
5
What is the units digit of 1006947353?
3
What is the hundred millions digit of 6187416198?
1
What is the units digit of 678713578?
8
What is the ten thousands digit of 31863194?
6
What is the hundreds digit of 5636180?
1
What is the tens digit of 1499590770?
7
What is the ten millions digit of 17561785?
1
What is the hundred millions digit of 517520068?
5
What is the tens digit of 827583642?
4
What is the hundred thousands digit of 41244247?
2
What is the ten thousands digit of 20025473?
2
What is the millions digit of 897642641?
7
What is the millions digit of 17708040?
7
What is the thousands digit of 793374729?
4
What is the hundreds digit of 492305429?
4
What is the tens digit of 44389444?
4
What is the hundred millions digit of 8213613269?
2
What is the ten millions digit of 619399721?
1
What is the thousands digit of 8429342198?
2
What is the hundred millions digit of 515696373?
5
What is the millions digit of 332152661?
2
What is the tens digit of 25770932?
3
What is the thousands digit of 35846778?
6
What is the ten thousands digit of 908409556?
0
What is the tens digit of 1430946269?
6
What is the units digit of 49507743?
3
What is the ten thousands digit of 488492427?
9
What is the hundred thousands digit of 917719422?
7
What is the hundred millions digit of 1879954267?
8
What is the units digit of 1579707687?
7
What is the ten thousands digit of 70137242?
3
What is the units digit of 163439313?
3
What is the ten thousands digit of 63055484?
5
What is the millions digit of 38837906?
8
What is the thousands digit of 77765412?
5
What is the hundreds digit of 893164211?
2
What is the hundred thousands digit of 55800490?
8
What is the hundreds digit of 48778571?
5
What is the ten thousands digit of